{"id":504,"date":"2023-03-15T10:14:24","date_gmt":"2023-03-15T03:14:24","guid":{"rendered":"http:\/\/vbmcomputer.com\/?post_type=product&#038;p=504"},"modified":"2026-01-02T10:40:07","modified_gmt":"2026-01-02T03:40:07","slug":"o-cung-ssd-kingston-a400-240gb-sata-3-sa400s37-240g","status":"publish","type":"product","link":"https:\/\/vbmcomputer.com\/?product=o-cung-ssd-kingston-a400-240gb-sata-3-sa400s37-240g","title":{"rendered":"\u1ed4 c\u1ee9ng SSD Kingston A400 240GB Sata 3 (SA400S37\/240G)"},"content":{"rendered":"<ul>\n<li>H\u00e3ng s\u1ea3n xu\u1ea5t: Kingston<\/li>\n<li>B\u1ea3o h\u00e0nh: 24 th\u00e1ng.<\/li>\n<li>T\u00ecnh tr\u1ea1ng: M\u1edbi 100%<\/li>\n<li>Dung l\u01b0\u1ee3ng: 240GB.<\/li>\n<li>K\u00edch c\u1ee1:\u00a02,5\u2033<\/li>\n<li>Giao ti\u1ebfp: SATA Phi\u00ean b\u1ea3n 3.0 (6Gb\/gi\u00e2y)<\/li>\n<li>NAND: 3D<\/li>\n<li>Nhi\u1ec7t \u0111\u1ed9 b\u1ea3o qu\u1ea3n -40\u00b0C~85\u00b0C<\/li>\n<li>Nhi\u1ec7t \u0111\u1ed9 ho\u1ea1t \u0111\u1ed9ng 0\u00b0C~70\u00b0C<\/li>\n<li>Truy\u1ec1n d\u1eef li\u1ec7u (ATTO): l\u00ean \u0111\u1ebfn 500MB\/gi\u00e2y \u0111\u1ecdc v\u00e0 350MB\/gi\u00e2y ghi<\/li>\n<\/ul>\n","protected":false},"excerpt":{"rendered":"<p>H\u00e3ng s\u1ea3n xu\u1ea5t: Kingston B\u1ea3o h\u00e0nh: 24 th\u00e1ng. T\u00ecnh tr\u1ea1ng: M\u1edbi 100% Dung l\u01b0\u1ee3ng: 240GB. K\u00edch c\u1ee1:\u00a02,5\u2033 Giao ti\u1ebfp: SATA Phi\u00ean b\u1ea3n 3.0 (6Gb\/gi\u00e2y) NAND: 3D Nhi\u1ec7t \u0111\u1ed9 b\u1ea3o qu\u1ea3n -40\u00b0C~85\u00b0C Nhi\u1ec7t \u0111\u1ed9 ho\u1ea1t \u0111\u1ed9ng 0\u00b0C~70\u00b0C Truy\u1ec1n d\u1eef li\u1ec7u (ATTO): l\u00ean \u0111\u1ebfn 500MB\/gi\u00e2y \u0111\u1ecdc v\u00e0 350MB\/gi\u00e2y ghi<\/p>\n","protected":false},"featured_media":505,"template":"","meta":[],"product_cat":[32],"product_tag":[],"yoast_head":"<!-- This site is optimized with the Yoast SEO plugin v20.5 - https:\/\/yoast.com\/wordpress\/plugins\/seo\/ -->\n<title>\u1ed4 c\u1ee9ng SSD Kingston A400 240GB Sata 3 (SA400S37\/240G) - http:\/\/vbmcomputer.com<\/title>\n<meta name=\"robots\" content=\"index, follow, max-snippet:-1, max-image-preview:large, max-video-preview:-1\" \/>\n<link rel=\"canonical\" href=\"https:\/\/vbmcomputer.com\/?product=o-cung-ssd-kingston-a400-240gb-sata-3-sa400s37-240g\" \/>\n<meta property=\"og:locale\" content=\"vi_VN\" \/>\n<meta property=\"og:type\" content=\"article\" \/>\n<meta property=\"og:title\" content=\"\u1ed4 c\u1ee9ng SSD Kingston A400 240GB Sata 3 (SA400S37\/240G) - http:\/\/vbmcomputer.com\" \/>\n<meta property=\"og:description\" content=\"H\u00e3ng s\u1ea3n xu\u1ea5t: Kingston B\u1ea3o h\u00e0nh: 24 th\u00e1ng. T\u00ecnh tr\u1ea1ng: M\u1edbi 100% Dung l\u01b0\u1ee3ng: 240GB. K\u00edch c\u1ee1:\u00a02,5\u2033 Giao ti\u1ebfp: SATA Phi\u00ean b\u1ea3n 3.0 (6Gb\/gi\u00e2y) NAND: 3D Nhi\u1ec7t \u0111\u1ed9 b\u1ea3o qu\u1ea3n -40\u00b0C~85\u00b0C Nhi\u1ec7t \u0111\u1ed9 ho\u1ea1t \u0111\u1ed9ng 0\u00b0C~70\u00b0C Truy\u1ec1n d\u1eef li\u1ec7u (ATTO): l\u00ean \u0111\u1ebfn 500MB\/gi\u00e2y \u0111\u1ecdc v\u00e0 350MB\/gi\u00e2y ghi\" \/>\n<meta property=\"og:url\" content=\"https:\/\/vbmcomputer.com\/?product=o-cung-ssd-kingston-a400-240gb-sata-3-sa400s37-240g\" \/>\n<meta property=\"og:site_name\" content=\"http:\/\/vbmcomputer.com\" \/>\n<meta property=\"article:modified_time\" content=\"2026-01-02T03:40:07+00:00\" \/>\n<meta property=\"og:image\" content=\"https:\/\/vbmcomputer.com\/wp-content\/uploads\/2023\/03\/o_cung_ssd_kingston_a400_240gb_2_c03f76cfbafc4256acd688aaa3a4ea62_master-1-1.jpg\" \/>\n\t<meta property=\"og:image:width\" content=\"720\" \/>\n\t<meta property=\"og:image:height\" content=\"720\" \/>\n\t<meta property=\"og:image:type\" content=\"image\/jpeg\" \/>\n<meta name=\"twitter:card\" content=\"summary_large_image\" \/>\n<script type=\"application\/ld+json\" class=\"yoast-schema-graph\">{\"@context\":\"https:\/\/schema.org\",\"@graph\":[{\"@type\":\"WebPage\",\"@id\":\"https:\/\/vbmcomputer.com\/?product=o-cung-ssd-kingston-a400-240gb-sata-3-sa400s37-240g\",\"url\":\"https:\/\/vbmcomputer.com\/?product=o-cung-ssd-kingston-a400-240gb-sata-3-sa400s37-240g\",\"name\":\"\u1ed4 c\u1ee9ng SSD Kingston A400 240GB Sata 3 (SA400S37\/240G) - http:\/\/vbmcomputer.com\",\"isPartOf\":{\"@id\":\"https:\/\/vbmcomputer.com\/#website\"},\"datePublished\":\"2023-03-15T03:14:24+00:00\",\"dateModified\":\"2026-01-02T03:40:07+00:00\",\"breadcrumb\":{\"@id\":\"https:\/\/vbmcomputer.com\/?product=o-cung-ssd-kingston-a400-240gb-sata-3-sa400s37-240g#breadcrumb\"},\"inLanguage\":\"vi\",\"potentialAction\":[{\"@type\":\"ReadAction\",\"target\":[\"https:\/\/vbmcomputer.com\/?product=o-cung-ssd-kingston-a400-240gb-sata-3-sa400s37-240g\"]}]},{\"@type\":\"BreadcrumbList\",\"@id\":\"https:\/\/vbmcomputer.com\/?product=o-cung-ssd-kingston-a400-240gb-sata-3-sa400s37-240g#breadcrumb\",\"itemListElement\":[{\"@type\":\"ListItem\",\"position\":1,\"name\":\"Home\",\"item\":\"https:\/\/vbmcomputer.com\/\"},{\"@type\":\"ListItem\",\"position\":2,\"name\":\"S\u1ea3n Ph\u1ea9m\",\"item\":\"http:\/\/vbmcomputer.com\/?page_id=6\"},{\"@type\":\"ListItem\",\"position\":3,\"name\":\"\u1ed4 c\u1ee9ng SSD Kingston A400 240GB Sata 3 (SA400S37\/240G)\"}]},{\"@type\":\"WebSite\",\"@id\":\"https:\/\/vbmcomputer.com\/#website\",\"url\":\"https:\/\/vbmcomputer.com\/\",\"name\":\"http:\/\/vbmcomputer.com\",\"description\":\"C\u00f4ng Ty TNHH TM Tin H\u1ecdc Vi\u1ec7t Nam\",\"potentialAction\":[{\"@type\":\"SearchAction\",\"target\":{\"@type\":\"EntryPoint\",\"urlTemplate\":\"https:\/\/vbmcomputer.com\/?s={search_term_string}\"},\"query-input\":\"required name=search_term_string\"}],\"inLanguage\":\"vi\"}]}<\/script>\n<!-- \/ Yoast SEO plugin. -->","yoast_head_json":{"title":"\u1ed4 c\u1ee9ng SSD Kingston A400 240GB Sata 3 (SA400S37\/240G) - http:\/\/vbmcomputer.com","robots":{"index":"index","follow":"follow","max-snippet":"max-snippet:-1","max-image-preview":"max-image-preview:large","max-video-preview":"max-video-preview:-1"},"canonical":"https:\/\/vbmcomputer.com\/?product=o-cung-ssd-kingston-a400-240gb-sata-3-sa400s37-240g","og_locale":"vi_VN","og_type":"article","og_title":"\u1ed4 c\u1ee9ng SSD Kingston A400 240GB Sata 3 (SA400S37\/240G) - http:\/\/vbmcomputer.com","og_description":"H\u00e3ng s\u1ea3n xu\u1ea5t: Kingston B\u1ea3o h\u00e0nh: 24 th\u00e1ng. T\u00ecnh tr\u1ea1ng: M\u1edbi 100% Dung l\u01b0\u1ee3ng: 240GB. K\u00edch c\u1ee1:\u00a02,5\u2033 Giao ti\u1ebfp: SATA Phi\u00ean b\u1ea3n 3.0 (6Gb\/gi\u00e2y) NAND: 3D Nhi\u1ec7t \u0111\u1ed9 b\u1ea3o qu\u1ea3n -40\u00b0C~85\u00b0C Nhi\u1ec7t \u0111\u1ed9 ho\u1ea1t \u0111\u1ed9ng 0\u00b0C~70\u00b0C Truy\u1ec1n d\u1eef li\u1ec7u (ATTO): l\u00ean \u0111\u1ebfn 500MB\/gi\u00e2y \u0111\u1ecdc v\u00e0 350MB\/gi\u00e2y ghi","og_url":"https:\/\/vbmcomputer.com\/?product=o-cung-ssd-kingston-a400-240gb-sata-3-sa400s37-240g","og_site_name":"http:\/\/vbmcomputer.com","article_modified_time":"2026-01-02T03:40:07+00:00","og_image":[{"width":720,"height":720,"url":"https:\/\/vbmcomputer.com\/wp-content\/uploads\/2023\/03\/o_cung_ssd_kingston_a400_240gb_2_c03f76cfbafc4256acd688aaa3a4ea62_master-1-1.jpg","type":"image\/jpeg"}],"twitter_card":"summary_large_image","schema":{"@context":"https:\/\/schema.org","@graph":[{"@type":"WebPage","@id":"https:\/\/vbmcomputer.com\/?product=o-cung-ssd-kingston-a400-240gb-sata-3-sa400s37-240g","url":"https:\/\/vbmcomputer.com\/?product=o-cung-ssd-kingston-a400-240gb-sata-3-sa400s37-240g","name":"\u1ed4 c\u1ee9ng SSD Kingston A400 240GB Sata 3 (SA400S37\/240G) - http:\/\/vbmcomputer.com","isPartOf":{"@id":"https:\/\/vbmcomputer.com\/#website"},"datePublished":"2023-03-15T03:14:24+00:00","dateModified":"2026-01-02T03:40:07+00:00","breadcrumb":{"@id":"https:\/\/vbmcomputer.com\/?product=o-cung-ssd-kingston-a400-240gb-sata-3-sa400s37-240g#breadcrumb"},"inLanguage":"vi","potentialAction":[{"@type":"ReadAction","target":["https:\/\/vbmcomputer.com\/?product=o-cung-ssd-kingston-a400-240gb-sata-3-sa400s37-240g"]}]},{"@type":"BreadcrumbList","@id":"https:\/\/vbmcomputer.com\/?product=o-cung-ssd-kingston-a400-240gb-sata-3-sa400s37-240g#breadcrumb","itemListElement":[{"@type":"ListItem","position":1,"name":"Home","item":"https:\/\/vbmcomputer.com\/"},{"@type":"ListItem","position":2,"name":"S\u1ea3n Ph\u1ea9m","item":"http:\/\/vbmcomputer.com\/?page_id=6"},{"@type":"ListItem","position":3,"name":"\u1ed4 c\u1ee9ng SSD Kingston A400 240GB Sata 3 (SA400S37\/240G)"}]},{"@type":"WebSite","@id":"https:\/\/vbmcomputer.com\/#website","url":"https:\/\/vbmcomputer.com\/","name":"http:\/\/vbmcomputer.com","description":"C\u00f4ng Ty TNHH TM Tin H\u1ecdc Vi\u1ec7t Nam","potentialAction":[{"@type":"SearchAction","target":{"@type":"EntryPoint","urlTemplate":"https:\/\/vbmcomputer.com\/?s={search_term_string}"},"query-input":"required name=search_term_string"}],"inLanguage":"vi"}]}},"_links":{"self":[{"href":"https:\/\/vbmcomputer.com\/index.php?rest_route=\/wp\/v2\/product\/504"}],"collection":[{"href":"https:\/\/vbmcomputer.com\/index.php?rest_route=\/wp\/v2\/product"}],"about":[{"href":"https:\/\/vbmcomputer.com\/index.php?rest_route=\/wp\/v2\/types\/product"}],"wp:featuredmedia":[{"embeddable":true,"href":"https:\/\/vbmcomputer.com\/index.php?rest_route=\/wp\/v2\/media\/505"}],"wp:attachment":[{"href":"https:\/\/vbmcomputer.com\/index.php?rest_route=%2Fwp%2Fv2%2Fmedia&parent=504"}],"wp:term":[{"taxonomy":"product_cat","embeddable":true,"href":"https:\/\/vbmcomputer.com\/index.php?rest_route=%2Fwp%2Fv2%2Fproduct_cat&post=504"},{"taxonomy":"product_tag","embeddable":true,"href":"https:\/\/vbmcomputer.com\/index.php?rest_route=%2Fwp%2Fv2%2Fproduct_tag&post=504"}],"curies":[{"name":"wp","href":"https:\/\/api.w.org\/{rel}","templated":true}]}}